{"id":65,"date":"2025-12-06T21:59:40","date_gmt":"2025-12-06T21:59:40","guid":{"rendered":"https:\/\/cezaevitelefonsifresi.com.tr\/?page_id=65"},"modified":"2025-12-06T22:00:51","modified_gmt":"2025-12-06T22:00:51","slug":"iletisim","status":"publish","type":"page","link":"https:\/\/cezaevitelefonsifresi.com.tr\/?page_id=65","title":{"rendered":"\u0130leti\u015fim"},"content":{"rendered":"\n<p>\u0130leti\u015fim<\/p>\n\n\n\n<p>Sorular\u0131n\u0131z, bilgilendirme talepleriniz veya destek ihtiya\u00e7lar\u0131n\u0131z i\u00e7in bize her zaman ula\u015fabilirsiniz.<br>WhatsApp Destek Hatt\u0131: 0535 668 74 22<br>Destek Saatleri: 7\/24 Aktif<\/p>\n\n\n\n<p>Kurumsal yakla\u015f\u0131m\u0131m\u0131z ve profesyonel ileti\u015fim deste\u011fimiz ile her zaman yan\u0131n\u0131zday\u0131z.<\/p>\n","protected":false},"excerpt":{"rendered":"<p>\u0130leti\u015fim Sorular\u0131n\u0131z, bilgilendirme talepleriniz veya destek ihtiya\u00e7lar\u0131n\u0131z i\u00e7in bize her zaman ula\u015fabilirsiniz.WhatsApp Destek Hatt\u0131: 0535 668 74 22Destek Saatleri: 7\/24 Aktif Kurumsal yakla\u015f\u0131m\u0131m\u0131z ve profesyonel ileti\u015fim deste\u011fimiz ile her zaman yan\u0131n\u0131zday\u0131z.<\/p>\n","protected":false},"author":1,"featured_media":0,"parent":0,"menu_order":0,"comment_status":"closed","ping_status":"closed","template":"","meta":{"footnotes":""},"class_list":["post-65","page","type-page","status-publish","hentry"],"_links":{"self":[{"href":"https:\/\/cezaevitelefonsifresi.com.tr\/index.php?rest_route=\/wp\/v2\/pages\/65","targetHints":{"allow":["GET"]}}],"collection":[{"href":"https:\/\/cezaevitelefonsifresi.com.tr\/index.php?rest_route=\/wp\/v2\/pages"}],"about":[{"href":"https:\/\/cezaevitelefonsifresi.com.tr\/index.php?rest_route=\/wp\/v2\/types\/page"}],"author":[{"embeddable":true,"href":"https:\/\/cezaevitelefonsifresi.com.tr\/index.php?rest_route=\/wp\/v2\/users\/1"}],"replies":[{"embeddable":true,"href":"https:\/\/cezaevitelefonsifresi.com.tr\/index.php?rest_route=%2Fwp%2Fv2%2Fcomments&post=65"}],"version-history":[{"count":2,"href":"https:\/\/cezaevitelefonsifresi.com.tr\/index.php?rest_route=\/wp\/v2\/pages\/65\/revisions"}],"predecessor-version":[{"id":72,"href":"https:\/\/cezaevitelefonsifresi.com.tr\/index.php?rest_route=\/wp\/v2\/pages\/65\/revisions\/72"}],"wp:attachment":[{"href":"https:\/\/cezaevitelefonsifresi.com.tr\/index.php?rest_route=%2Fwp%2Fv2%2Fmedia&parent=65"}],"curies":[{"name":"wp","href":"https:\/\/api.w.org\/{rel}","templated":true}]}}